e prime factors of (-44)/(-12)*(-6873)/(-2) - (-2)/4?
12601
Let y = -176 + 100. What are the prime factors of 12/4 - (2 + y)?
7, 11
Suppose 79403 + 355135 = 26*p. What are the prime factors of p?
3, 619
Suppose 4*z = 2*f - 0*z + 58, -z - 101 = 3*f. Let y = 119 + -68. Let d = f + y. List the prime factors of d.
2, 3
Let z = -50 + 56. List the prime factors of (35/21)/(-5) - (-3950)/z.
2, 7, 47
Suppose 0 = 4*y - 3*y + 63. Let h be (-14)/y + 86/18. List the prime factors of ((-66)/h)/(1*4/(-10)).
3, 11
Let v be ((-16)/6)/1*-6. Suppose -11*h + 135 = -v*h. Let y = h - -135. List the prime factors of y.
2, 3
Let d(h) = -366*h + 194. List the prime factors of d(0).
2, 97
Let m be ((-82)/(-82))/((-1)/(-732)). Suppose -2*g = -3*t + 2685, 1947 = 3*t - 4*g - m. What are the prime factors of t?
3, 13, 23
Let o(i) = -i - 4. Let z be o(5). Let q be (3/z)/(1/(-9)). Suppose 3*h = -q*l + 156, 6*h - h - 270 = 5*l. What are the prime factors of h?
53
What are the prime factors of (-8)/12*54156/(-8)?
4513
Let j = 7 - -19. Let n(p) = 299479*p**2 - 299478*p**2 + 18 + 16*p - 41*p. List the prime factors of n(j).
2, 11
Suppose -3*d - 2*o - 84 = -d, -3*o - 36 = d. Let y be 10/d - 224/(-36). Suppose -s = -2*q - 36, y = 2*s - s + 4*q. What are the prime factors of s?
2, 13
Suppose -4*n - k = -34930, k = 5*n + 5*k - 43646. List the prime factors of n.
2, 11, 397
Suppose -4*k + 49 - 41 = 0. Suppose -3*u = 5*l - 830, k*l + 0*u = 3*u + 332. What are the prime factors of l?
2, 83
Suppose 0*n + 5*n - 4*c = -8776, 0 = -n + 5*c - 1772. Let y = 2963 + n. List the prime factors of y.
7, 173
Suppose 18*u - 704 = 7*u. Suppose -u*t = -117115 + 10747. What are the prime factors of t?
2, 3, 277
Suppose -4*g = -123 - 769. Suppose -4*m - g = -3*d, -d - 3*m - 150 = -3*d. What are the prime factors of d?
3, 23
Suppose -d = -5*s - 1351, -4*s + 2594 = -5*d + 9412. List the prime factors of d.
2, 683
Let l(q) = -8*q**2 + 41*q - 2. Let b be l(20). What are the prime factors of b/(-24) + 2/(-8)?
3, 11
Suppose 9*s - 143013 - 40443 = 0. What are the prime factors of s?
2, 7, 13
Let t be 1/3 + 1530/27. Let s = t + -57. Suppose 2*r = 3*d - 172, -7*d + 3*d + 5*r + 241 = s. List the prime factors of d.
2, 3
Suppose 4*a = -2*i + 1408, -4*a - 3*i = -2288 + 876. Suppose -10*n - a - 130 = 0. Let s = 67 + n. List the prime factors of s.
19
Let s be (75 - 1) + (-18 - -14). Let i = s - 30. List the prime factors of (i/6)/((-26)/(-39)).
2, 5
Suppose 2776 = 2*u - q, -53*u + 4*q = -47*u - 8336. List the prime factors of u.
2, 173
Let c = 7 - -462. What are the prime factors of 134/c + (-7206)/(-14)?
5, 103
Let b(r) = 2*r**3 + 8*r**2 - 12*r + 10. Let c be b(-5). List the prime factors of (177 - c)/((-1)/(-5)).
5, 157
Let x = 576 + -576. Suppose 3*t = c + 1628, x = -0*t - 4*t - 2*c + 2174. What are the prime factors of t?
3, 181
Suppose 26524 = t - 2*r - 1458, -5*t = 2*r - 139946. What are the prime factors of t?
2, 6997
Let f(j) be the third derivative of -5*j**4/12 + 11*j**3/6 + 33*j**2. List the prime factors of f(-6).
71
Let d be (-2328)/4 + (0 - (-1 - 0)). Let v = 890 + d. List the prime factors of v.
3, 103
Let d(c) = -c**2 - 6*c - 3. Let k be d(-7). Let i be 1 - (15 - k/(-5)). List the prime factors of 502*(39/42 + i/28).
251
Let o(f) = -11*f**2 + 38*f + 72. Let r(p) = -4*p**2 + 13*p + 24. Let y(i) = -3*o(i) + 8*r(i). Let m = -64 + 81. What are the prime factors of y(m)?
5, 19
Let p(q) = 4*q**2 + 9*q + 26. Let b(u) = 3*u**2 + 8*u + 25. Let s(n) = -5*b(n) + 4*p(n). Let l be s(9). Suppose -3*k - l = -111. List the prime factors of k.
29
Let x be (-2330)/(-3) - (-10)/(-195)*13. Suppose -2723 = -2*n + a - x, -20 = 4*a. List the prime factors of n.
971
Let p(k) = -k**3 - 7*k**2 - 4*k - 1. Let a be p(-6). Let n = 18 + a. Suppose -t + 64 = n*v, -2*t + 5 = -3. List the prime factors of v.
2, 3
Let w(o) = -o - 1. Let t be w(-1). Suppose 2*a = 4*k, 4*a - a + 3*k - 18 = t. Suppose a*r - 2*z - 212 = 3*z, 5*r + 3*z - 265 = 0. List the prime factors of r.
53
Let o = 59624 + 6873. What are the prime factors of o?
29, 2293
Let a = 72 + -68. Suppose -5*y - 5*u = 15, 0 = -a*y - 4*u + 2*u - 4. Let j = 156 + y. What are the prime factors of j?
157
Let l(a) = 10*a + 18. Let z be l(7). Let o(p) = -35*p - 10 - 11 + 5 + z*p. What are the prime factors of o(3)?
11, 13
Suppose z = -2 - 3. List the prime factors of (z + (-96)/(-18))/(2/4938).
823
Suppose -7*n + 41447 = -43253. Suppose -2*v = -l - 0*v - n, v + 24225 = -2*l. List the prime factors of 2 - (-11)/(-5) - l/50.
2, 11
Suppose 138*d = -187*d - 216*d + 2559471. What are the prime factors of d?
3, 19, 83
Suppose -356 = -3*c - 89. Let z be (-1 + c/3)/((-114)/(-513)). Suppose -4*d + n + 293 = 0, 5*d - z = 3*d - 3*n. What are the prime factors of d?
2, 3
Suppose -4 - 17 = -3*k. Suppose -9*j = -5*j - 3*i - 15, 2*j - k = i. Suppose 4*y + 0*y = -n + 14, 13 = 2*n + j*y. List the prime factors of n.
2
Suppose -6*v + c + 54 = -v, 0 = -4*v - 3*c + 28. Let t(a) = -5*a + 6. Let l be t(v). Let j = l + 78. What are the prime factors of j?
2, 17
Suppose 58*n - 56*n = 10. What are the prime factors of (306/(-21))/((1 - n)/28)?
2, 3, 17
Let r = -11094 - -18631. List the prime factors of r.
7537
Let a(x) = -x**3 - 8*x**2 - 8*x + 15. Let y be a(-11). Let w = y - 82. Suppose -5*z - z = -w. List the prime factors of z.
2
Suppose 0 = 4*p + 4*t - 32452, -p = 3*t - 7*t - 8108. Suppose 39*h - 23*h - p = 0. What are the prime factors of h?
3, 13
What are the prime factors of -6*(-198420)/576 - 1/(-8)?
3, 13, 53
Suppose -46*p = -59*p + 117. Suppose 2414 = p*z + 974. List the prime factors of z.
2, 5
Suppose c = -3, 4*p - 12 = p + 2*c. What are the prime factors of (-3639)/24*-4*p?
1213
Suppose -4*c - 4 = 0, 2*c + 595 + 91 = 3*l. Let k = l - 169. What are the prime factors of k?
59
Suppose 93*k + 35252 = 100*k. Suppose 0 = -2*z + p + 2518, 2*z + 2*z - k = -p. What are the prime factors of z?
1259
Let t be ((-2)/4)/(6/2100). List the prime factors of 3 + 2 + -9 - (t - -3).
2, 3, 7
Let p(v) be the third derivative of 5*v**4/8 - 65*v**3/6 + 10*v**2. What are the prime factors of p(39)?
2, 5, 13
Let o = -20 - -19. Let d be (2 - (-3 + 4))*(o - -1). Suppose f = 5*x - 111, 4*f + 2 + 2 = d. What are the prime factors of x?
2, 11
Suppose 13*j = -3050 - 109. Let w = 986 + j. What are the prime factors of w?
743
Suppose -2714 = -54*n + 56254. What are the prime factors of n?
2, 3, 7, 13
Let a = 37 + -40. Let s be (-1)/a*-3 - -191. Suppose 17*c - s = 15*c. List the prime factors of c.
5, 19
Let o(z) = z**3 - 5*z**2 - 7*z + 2. Let u be 12/(-54) - (-1850)/(-18). Let a = u + 111. What are the prime factors of o(a)?
2, 3, 23
Let q(k) = 81*k**3 + 5*k**2 + 37*k - 31. List the prime factors of q(5).
2, 3, 17
Suppose 8*m - 2289 = -2*g + 7*m, -3*m - 3447 = -3*g. List the prime factors of g.
2, 3, 191
Let z = 642 + -404. List the prime factors of (-33897)/(-21) - 34/z.
2, 3, 269
Let k(j) = -12 + 6*j + 5*j + 4*j - 12. Let z be k(15). Suppose 4*y = 135 + z. List the prime factors of y.
2, 3, 7
Let g(h) = h**2 + 5*h. Let u be g(-7). Let x(o) = -40*o + 122*o - 35*o - 33*o + u. List the prime factors of x(8).
2, 3, 7
Suppose -30*a = -4*a. Let x(k) = 2*k - 7. Let l be x(6). Suppose 68 = 5*h + i, a*i + 2 = -h + l*i. List the prime factors of h.
13
Suppose 5*z + 20458 = 4*o, 2*o - 5*z + 372 = 10586. What are the prime factors of o?
2, 13, 197
Suppose 4*o + 5*k = 19, 0 = -0*o + 5*o + 5*k - 30. Suppose -2*s + 2*d = 80, -2*s - d - 23 = 42. Let n = o - s. What are the prime factors of n?
2, 23
List the prime factors of (600 - 534)/((-6)/(-2636)).
2, 11, 659
Suppose -z - 4*z - 5*h + 8770 = 0, -3*h - 3 = 0. Suppose -16*g + 8379 - z = 0. List the prime factors of g.
2, 3, 23
Let z(g) = 6420*g - 6110. What are the prime factors of z(5)?
2, 5, 23, 113
Let q(f) = -f**3 + 24*f**2 - 9*f + 7. Suppose -11*j = -115 + 16. What are the prime factors of q(j)?
7, 163
Suppose 6*c - 4824 - 9346 = 28592. List the prime factors of c.
7127
Suppose z + 5*g - 41 = -19, 0 = 4*z - 4*g - 16. Suppose -9590 - 1365 = -z*k. What are the prime factors of k?
5, 313
Suppose 4*y - 148336 = -4*w, 23*w + 5*y - 74165 = 21*w. What are the prime factors of w?
5, 7417
Let v(h) = h**2 + 3*h + 27. Let d be v(-27). Suppose 8*s = -5*m + 9*s + d, -3*m - 5*s + 405 = 0. List 